11 - (-54)/(-5)) + (-34)/(-5). Calculate the remainder when q(w) is divided by 21.
19
Suppose -2*c + v + 164 = 0, -7*c + 6*c - 5*v + 93 = 0. Calculate the remainder when 85 is divided by c.
2
What is the remainder when ((-520)/(-4))/((-18)/(-36)) is divided by 61?
16
Let u = 198 + -334. Let t = u + 201. Let l(b) = b**3 + 6*b**2 + 6*b + 108. Calculate the remainder when t is divided by l(-7).
14
Let l(g) = 6*g - 79. Calculate the remainder when 77 is divided by l(15).
0
Let x(l) = -228*l - 162. What is the remainder when 1315 is divided by x(-1)?
61
Let u(w) = 5*w**3 - w**2 + 8*w - 22. Let o be (48/264)/(2/22). Calculate the remainder when u(o) is divided by 2/3 + 64/3.
8
Let i be (20/(-1))/2 - (-33 - -30). What is the remainder when -35 + 56 - (i - 0) is divided by 14?
0
Suppose -4*h = -v + 36, 0 = -7*v + 8*v - 2*h - 38. Let t = v - -41. Let j = t - 58. What is the remainder when 91 is divided by j?
22
Suppose -57*m + 627 = 0, -5*l + m = -112 + 83. What is the remainder when (-8 - -1)*(-1 + -2) is divided by l?
5
Calculate the remainder when (4 - -825 - (-26 - -18)) + -1*3 is divided by 235.
129
Suppose 2*z - 225 = 2*c + 3*c, 5*z - 111 = 2*c. Let v(n) = -11*n - 373. What is the remainder when v(c) is divided by 3?
1
Let r(y) = 7*y**2 - 2*y. Let j = 60 - 62. Calculate the remainder when 446*7/(-14)*-1 is divided by r(j).
31
Suppose 0 = -5*i + 3*o + 6, 4*o - 15 = -i. Suppose -2*t = 11 - i. Let f = t - -41. What is the remainder when f is divided by 8?
5
Let t = 98 + -93. Suppose t*x - 48 = 3*w + 57, 0 = x + 4*w - 21. What is the remainder when (-1 + -1*2)*-13 is divided by x?
18
Suppose -6*v - 25 = -v - 4*i, 0 = v + 4*i - 19. Let l(z) = 2*z**2 + 9*z + 8. What is the remainder when 6 is divided by l(v)?
0
Let b be (-3)/((-1780)/592 - -3). Let n = b - 410. Let j(t) = t**3 - 4*t**2 - 3*t + 2. What is the remainder when n is divided by j(5)?
10
Suppose -1276*l = -1327*l + 9996. What is the remainder when l is divided by 59?
19
Suppose -65*b - 231*b = -4144. Calculate the remainder when 22 is divided by b.
8
Calculate the remainder when 1504 is divided by 8/2 + (-34)/9 - (-20292)/54.
0
Suppose 657 = -12*a - 1599. Let u = a + 259. Calculate the remainder when u is divided by 6.
5
Suppose -2*c - 3*c + 952 = 23*c. Calculate the remainder when 127 is divided by c.
25
Suppose 0*f + f - 137 = -4*n, -5*n = -5. Let p(b) = b**2 + b + 3. What is the remainder when f is divided by p(3)?
13
Suppose -3*k - 129 + 39 = -3*q, 0 = 2*q - k - 57. Suppose -147*i + 5*c + 331 = -143*i, 17*c = -i - 45. Calculate the remainder when i is divided by q.
20
Let b(d) = -43*d + 22. Calculate the remainder when b(-9) is divided by (2747/268)/((-2)/(-8)).
40
Suppose z - 588 = -87*z - 59*z. Calculate the remainder when 1222 is divided by z.
2
Let p = 1126 - 783. Suppose q = 2 + 16. Calculate the remainder when (-5*1)/((-49)/p) is divided by q.
17
Let b(n) = -18 - n + 22 + 10. Let k be b(11). Suppose k*o = 2 + 31. What is the remainder when o is divided by 4?
3
Let j = 4519 - 2880. What is the remainder when j is divided by 82?
81
Suppose n - 2*n - 3*i + 6 = 0, 2*n = 2*i + 4. Suppose 3*f = -q + 204, -n*f - 2*q + 132 = -f. What is the remainder when f - ((-1)/(-1))/1 is divided by 23?
22
Let t(b) = 4*b**2 + 45*b + 11. Let h be t(-11). Suppose h = 15*n + 9*n - 3024. Calculate the remainder when n is divided by 19.
12
Suppose -4*s + 1668 = 6*w, -4*s + 300 + 232 = 2*w. What is the remainder when w is divided by 45?
14
Suppose 124*b - 119 - 5213 = 0. Calculate the remainder when 153 is divided by b.
24
Calculate the remainder when (-1593)/27*(-3 - 2 - 0) is divided by 57.
10
Suppose -2*u + 1508 = 24*u - 0*u. What is the remainder when 3477 is divided by u?
55
Suppose 48 = -3*x + 12. What is the remainder when 0 - (48/64 + 69/x) is divided by 1?
0
Suppose 2*q + 1426 = 278*q - 5198. What is the remainder when 1071 is divided by q?
15
Let r(w) = 13*w**2 - 4*w + 6. Let s(k) = -k + 1. Let y(f) = r(f) - 6*s(f). What is the remainder when 95 is divided by y(-2)?
47
Let c be -1 - (3 + 191)/(-4 + 2). Let q = c - 72. Let b = q + -9. Calculate the remainder when 58 is divided by b.
13
Let s be 2/13 + 144/78. Let b(n) = 3 - 2*n + 0*n + 28*n**s - 27*n**2 + 1. What is the remainder when 46 is divided by b(-3)?
8
Suppose -4713 = 72*p + 20*p - 71505. What is the remainder when p is divided by 81?
78
Suppose -4*z + 408 = 4*z. Let i(p) = 9*p**2 - 10*p + 2. What is the remainder when i(4) is divided by z?
4
Suppose 5051 = 5*m + 4*t, -5*m = 2*t - 6600 + 1547. What is the remainder when m is divided by 997?
14
Let q(k) = -5*k**3 - 4*k**2 - 10*k - 66. Let m(b) = -b**3 + b**2 + b + 1. Let i(x) = 4*m(x) - q(x). Calculate the remainder when 207 is divided by i(-7).
18
Suppose -3*o = -7*o + 104. Suppose -3*q - 30 = -90. Calculate the remainder when o is divided by -15*q/(-25)*6/8.
8
Calculate the remainder when 310 is divided by (186 + -63)*(-3)/((-18)/4).
64
Suppose 4*f - 21 - 3 = 0. Suppose f*r - 4*r - 6 = 0. Suppose 0*p = -2*g - 2*p + 28, -22 = -g + r*p. What is the remainder when 30 is divided by g?
14
Let p(i) = i**3 + i**2 - 5*i + 6. What is the remainder when p(8) is divided by 143?
113
Suppose -5*r + 10 + 19 = -h, 3*h + 5*r = 13. Let s be (-2)/h + 2175/10 + -2. Suppose -2*c + s = 2*c. What is the remainder when c is divided by 28?
26
Suppose 4 = -2*q + 3*v + 17, q = -3*v + 2. What is the remainder when 1*11*((-330)/(-198) + (-6)/9) is divided by q?
1
Suppose 2*q + 410 = -264. Let l = q + 688. Calculate the remainder when l is divided by 11.
10
Let i = -12 + -16. What is the remainder when 7*(-5 + (-436)/i) is divided by 27?
20
Suppose -242*v - 1724 - 1796 = -297*v. What is the remainder when 111 is divided by v?
47
Calculate the remainder when (-5)/30 + (-2764)/(-24) + 6 is divided by 73.
48
Let o(c) = c**2 - 27*c + 96. Let r(z) = 2*z**2 + 13*z + 17. What is the remainder when o(27) is divided by r(-7)?
0
Suppose 60*x - 486 = 894. What is the remainder when 247 is divided by x?
17
Let c = -10 + 13. Suppose 3*t + l - c*l - 29 = 0, 5*l + 1 = 2*t. Let y(z) = -z**3 + 12*z**2 + 20*z - 15. What is the remainder when y(t) is divided by 26?
24
What is the remainder when 4944 + (44/36 - ((-16)/(-18))/4) is divided by 11?
6
Let k(s) = -754*s**3 - 3*s**2 + 234*s + 459. What is the remainder when k(-2) is divided by 1999?
14
Suppose -4*y + 64936 = 3*h, 6*h + 56555 = 3*y + 7820. Calculate the remainder when y is divided by 40.
37
Suppose 4*d = 11*t - 9*t + 62, 0 = -t + 4*d - 39. Let p = 110 + t. What is the remainder when p is divided by 47?
40
Let z be 696/(-290)*10/8*-10. Suppose 626 = -z*n + 2726. What is the remainder when n is divided by 39?
31
Suppose 5*s = 5*i - 15, 3*i + 5*s + 8 - 9 = 0. Suppose 3*k + 3*j - i*j = 1283, 5*j = -k + 409. Calculate the remainder when k is divided by 62.
57
Suppose -8*t + 54 + 50 = 0. Suppose 0 = -18*h + t*h + 245. Calculate the remainder when h is divided by 13.
10
Suppose 0 = 4*f + l - 5397, -5377 = -4*f - 9*l + 12*l. Calculate the remainder when f is divided by 120.
28
What is the remainder when 101 is divided by -132*(26/(-39))/((-2)/(-2))?
13
Let h = 414 + -389. Calculate the remainder when 4235/h + -2 + (-2)/5 is divided by 21.
20
Suppose 26*j - 64 = -6*j. Suppose 5*o + 88 + 57 = 5*x, 0 = -3*x + j*o + 82. What is the remainder when x is divided by 13?
11
Let w be -3 - (6 + -5)*-7. Suppose -4*o + 2*o + w*v + 52 = 0, -4*v = -4. Let t = -10 + 20. Calculate the remainder when o is divided by t.
8
Let s = 14 + 0. Suppose o + 5*j = 77, -5*o + 4*j + 345 = 9*j. Let x = 76 - o. Calculate the remainder when s is divided by x.
5
Suppose -t = -4*g - 199, -t - 4*g = -246 + 95. What is the remainder when t is divided by 13?
6
Suppose o + 5 = 4*s, 2*s - 4*s = 5*o - 85. Let q(m) = -31 - 6*m**2 - m**3 - 5*m + 11*m + 11*m - o*m**2. Calculate the remainder when q(-22) is divided by 40.
39
Let f(b) = 11*b**2. Let t(m) = m**3 - 19*m**2 + 27. Calculate the remainder when t(19) is divided by f(-1).
5
Let r(w) = 18*w**3 + 44*w**2 + w + 1. Let n(u) = 2*u**2 + u + 2. Let a be (-21)/(-15) + 9/15. What is the remainder when r(-2) is divided by n(a)?
7
What is the remainder when 2130 is divided by ((-64)/(-24))/(5/(-3))*(-12305)/92?
204
Suppose -g + 107 = 5*f, -4*f + 19*g = 18*g - 91. What is the rem